actors of t.
7, 11
Suppose -3*o = -3*t + 255, 440 = 3*t + 2*t - 2*o. Let z be (-4)/8 - ((-45)/6 + 2). Suppose -z*q - t + 225 = 0. List the prime factors of q.
3
Let m = 719 + -227. List the prime factors of m.
2, 3, 41
Suppose 3*m = -18 - 33. Let o(i) = i**2 + 13*i - 12. What are the prime factors of o(m)?
2, 7
Suppose 12*d = 4*d + 144. Let w be d/(5/(-40)*6). What are the prime factors of ((-16)/w)/((-2)/(-171))?
3, 19
Suppose -11 + 61 = f. Suppose -3*y - 15 = 0, b + 4*y + f = 4*b. What are the prime factors of b?
2, 5
Suppose 2*o = 4*t - 8*t + 64, -t - 3*o = -21. Let z = t + -23. Let k(n) = -3*n + 15. What are the prime factors of k(z)?
3, 13
Let y(d) be the second derivative of 13*d**4/12 + d**3/3 + d**2 - 2*d. Let c be y(-2). Suppose f = 3*s + 2, 3*s - c = -3*f + 16. List the prime factors of f.
17
Let h = 2395 + -1617. What are the prime factors of h?
2, 389
Let f = -32 + 9. Let t = -11 - f. List the prime factors of t.
2, 3
Let y(w) = 151*w - 133. What are the prime factors of y(4)?
3, 157
Suppose 5*f = 4*f + 3. Suppose 3*v - 160 = v - 2*p, -f*p - 228 = -3*v. List the prime factors of v.
2, 3, 13
Suppose -5*v - 4 + 14 = 0. Let d be -2 - (-8)/(v - -2). Suppose -r = -d*r + h - 23, -2*r - 5*h = -46. List the prime factors of r.
23
Suppose -l = -3*i + 22, -5*i + 4*l = -l - 40. Suppose -4573 = -10*r - i*r. List the prime factors of r.
269
Let s = -44 + 196. What are the prime factors of s?
2, 19
Suppose -x - 2*x = -12. Suppose -x*i = 5*b - 120, 0 = 2*b + 8 - 0. List the prime factors of i.
5, 7
Suppose 11 = 4*t - 5*r, 5 = 4*t + 2*r - 13. Suppose -2*g + 4*g + 1262 = t*m, 314 = m - 2*g. List the prime factors of m.
2, 79
What are the prime factors of (7512/32)/(3 - 660/224)?
2, 7, 313
Suppose 52 + 20 = 3*m. Suppose 0 = -5*x + m - 9. Suppose -x*o = 2*z - 57, 2*o - 39 + 1 = 4*z. List the prime factors of o.
19
Let o(p) = -173*p + 1060. What are the prime factors of o(5)?
3, 5, 13
Suppose 13 = -3*n - 2*t, -2*t + 0*t = 10. Let i = 26 + n. List the prime factors of i.
5
Suppose 0 = 4*b - 0*b - 232. Let f = b - 28. What are the prime factors of f?
2, 3, 5
Let z(w) = -259*w + 5. Let q be z(-1). Suppose 4*r - r = q. What are the prime factors of r?
2, 11
Let q(f) = -2*f - 18. Let w(h) = -h**3 + 13*h**2 + 14*h - 15. Let i be w(14). What are the prime factors of q(i)?
2, 3
Let d be (21 - 0)*9/27. Let s be ((4 - 2) + -1)*d. Suppose s*k = 3*k + 16. List the prime factors of k.
2
Let n = 26 + 0. Let i = -21 + n. Let u(v) = 2*v + 4. What are the prime factors of u(i)?
2, 7
Let u(z) = 103*z**2 - 29*z + 33. What are the prime factors of u(-6)?
3, 5, 29
Let t = -3384 + 7552. What are the prime factors of t?
2, 521
Let c(i) = -i**3 + 15*i**2 + 18*i - 40. Let g be c(16). List the prime factors of 6/g + (4615/20)/1.
2, 5, 23
Suppose 1562 = 4*v - 3*d, -4*d = 4*v + d - 1578. List the prime factors of v.
2, 7
Let y(l) = -63*l**3 - 2*l**2 - 2*l - 1. Let c be y(-1). Let r = c + -15. What are the prime factors of r?
47
Let l be (-52)/48*-3*-4. Let k be 18/(-72) - l/4. Suppose k*q - 5*q + 12 = 0. What are the prime factors of q?
2, 3
Suppose -4*c + 33 = 3*r + 8, -11 = 3*r - 5*c. What are the prime factors of r?
3
Let w be (3/(-6))/((-4)/24). Let h be 23/w + 11/33. List the prime factors of (h/(-20))/((-1)/20).
2
Suppose -3*f + 3*b + 1710 = 0, -2847 = -5*f + 4*b - 0*b. What are the prime factors of f?
3, 7
Suppose 0 = 5*n + 4*l - 180, -5*n + 3*n + 105 = -5*l. Suppose 2*k - 5*f - n - 36 = 0, 10 = -5*f. Suppose 3 + k = 3*p. What are the prime factors of p?
2, 3
Let a be (-13 + 18)*16/(-10). Let s = a + 12. Suppose 0 = d - s*d + 72. List the prime factors of d.
2, 3
Let h(s) = s**2 + 15*s - 4. Let t(l) = -2*l**2 - 30*l + 9. Let q(b) = 7*h(b) + 4*t(b). Suppose 2*y = -2*y - 48. What are the prime factors of q(y)?
2, 11
Let f(a) = 1147*a**2 - a. Let o be f(-1). Suppose -11*q - 3*q + o = 0. What are the prime factors of q?
2, 41
Let r = 2943 + 47. List the prime factors of r.
2, 5, 13, 23
Suppose -3*o - 171 = -2*h, -5*h - 5*o = -4*o - 436. Suppose -h = -4*b + 245. List the prime factors of b.
83
Suppose 0 = -17*i + 2230 + 19003. What are the prime factors of i?
1249
Let i(k) = -k - k**3 - k + 10*k**2 - 18 + 27 - 16. Let r = -12 + 21. List the prime factors of i(r).
2, 7
Let x(m) = m**3 - m + 2. Let p be x(0). Suppose -2*v + p*z = -102, -2*v + 3*z + 106 = -0*v. List the prime factors of v.
47
Let h(p) = 46*p**2 - 12*p - 51. What are the prime factors of h(-6)?
3, 13, 43
Let r(a) = a + 5. Let s be r(2). Suppose 0 = -s*f + 434 + 1015. What are the prime factors of f?
3, 23
Let a(q) = 2 + 20*q + 2 - 1 - 5. Let r be a(2). Suppose -4*k + t - 3*t + r = 0, 2*t = 3*k - 18. What are the prime factors of k?
2
Suppose i + 2*l = 5*l + 5, -3 = -5*i + 4*l. What are the prime factors of i/((-2)/(-45))*36/(-10)?
3
Let t = -2 + -35. Let w = t + 52. Suppose -3*g - 2*g = 3*v - 53, -5*v = g - w. What are the prime factors of g?
2, 5
Let h(p) = -354*p + 66. What are the prime factors of h(-3)?
2, 3, 47
Let c = 905 + -208. What are the prime factors of c?
17, 41
Let h be (5/(-4))/(4/(-16)). Let l(u) = -5*u + 5*u - 3 - 1 + u + h*u**2. List the prime factors of l(-3).
2, 19
Let n = 389 + 208. What are the prime factors of n?
3, 199
Suppose -18*h + 5215 + 10895 = 0. List the prime factors of h.
5, 179
Suppose 3*l - 21 + 0 = 0. List the prime factors of 319/l + (-28)/49.
3, 5
Suppose -2*y - 157 = 3*h, -5*y = -h - 77 + 495. Let u = y - -270. Suppose o + 4*o - 175 = 5*z, 5*o = -z + u. List the prime factors of o.
37
Let u(t) = -t + 17. Let c be u(12). Suppose -2*h + 3*b - 5 = 0, -c*h + h + 2*b = -2. Suppose -h*v + 75 = -5*z, 2*z + z = 3. List the prime factors of v.
2, 5
What are the prime factors of (40/(-5))/4 - -78?
2, 19
Suppose 96*w + 232 = 98*w. What are the prime factors of w?
2, 29
Let v(a) = 3*a**2 + 5*a + 4. Let p = -19 - -22. List the prime factors of v(p).
2, 23
Let g(t) = -12*t**2 - 23*t - 4. Let s be g(-2). Let b(o) = -4*o + 3. Let n(y) = -4*y + 3. Let u(m) = 5*b(m) - 4*n(m). List the prime factors of u(s).
3
Suppose -16*v - 2 = -15*v. What are the prime factors of 1016/12 - v/6?
5, 17
What are the prime factors of 298 - 24/(8/2)?
2, 73
Suppose 0 = -4*h - x + 65, -4*h + 5*h - x = 20. Suppose -h*c + 2849 - 333 = 0. List the prime factors of c.
2, 37
Let t(j) = j**2 - 5*j + 5. Let a be t(5). Suppose -a*m - 3*f = -m - 250, 126 = 2*m + 2*f. What are the prime factors of m?
61
Let j(a) = 16*a - 11. Let g be j(1). Suppose 3*y = -9, 0 = g*h - 0*h - 2*y - 786. What are the prime factors of h?
2, 3, 13
Let r(b) = b**2 + 25*b - 84. Let y be r(-28). Suppose y = -36*d + 42*d - 618. List the prime factors of d.
103
Suppose -x - 2 = 0, 3*x = -4*a + 5*x + 156. Suppose 2*w + a = c, c + w - 60 = -10. Suppose 3*f - i = 3*i + c, -12 = 3*i. List the prime factors of f.
2, 5
Suppose 0 = -5*c + d + 125, 33 = 4*c - d - 66. Let n = 81 - c. List the prime factors of n.
5, 11
Let h(w) = -w**3 + 35*w**2 + 18*w - 243. What are the prime factors of h(35)?
3, 43
Suppose -1752 = 133*b - 145*b. List the prime factors of b.
2, 73
Let b be (-39)/(-6) - (-3)/2. List the prime factors of (b/(-3))/((-2)/3).
2
Let h = 305 - 91. Suppose 5*m + 63 = 2*f - h, 3*f - 478 = -5*m. List the prime factors of f.
151
Let y(u) = u + 2. Let o be y(13). Let j(s) = 17*s**2 + s. Let m be j(1). Let d = m - o. What are the prime factors of d?
3
Let m(z) = z**3 + 9*z**2 + 9*z - 5. Suppose -j + a + 33 = 0, 0*j + 5*a = -2*j + 45. Let i = 25 - j. List the prime factors of m(i).
2, 5
Suppose 7*q - q = 24. Suppose -j = -4*c + 2*j + 308, q*c - 340 = -5*j. List the prime factors of c.
2, 5
Suppose z = 5*z + 20. Let t be (-21)/9 - z/15. List the prime factors of (-154)/t + (3 - 1).
79
Suppose 25*j - 121107 = 31393. List the prime factors of j.
2, 5, 61
List the prime factors of (-17908)/(-20) + (-6)/15.
5, 179
Suppose 15*r = 43*r - 40068. What are the prime factors of r?
3, 53
Let b = 1411 - 420. List the prime factors of b.
991
Let x = 1429 - -237. What are the prime factors of x?
2, 7, 17
Let c(w) = -7. Let t(h) = -h - 6. Suppose -5 = 2*i - 3*i. Let j(o) = i*c(o) - 6*t(o). List the prime factors of j(1).
7
Suppose -10*b = -20002 - 7238. What are the prime factors of b?
2, 3, 227
Let h = 2458 + -3666. What are the prime factors of h/(-6) - (-5)/(-15)?
